1?
52
In base 10, what is 7 + 333?
340
In base 2, what is -10110010100 + 0?
-10110010100
In base 5, what is -2 + -10012?
-10014
In base 2, what is 1 + -10011111?
-10011110
In base 2, what is -1 - 1?
-10
In base 13, what is -9 + -1c?
-28
In base 14, what is -5 - -46?
41
In base 6, what is -43 + 255?
212
In base 9, what is -343 + 2?
-341
In base 2, what is 101 + 110110000110?
110110001011
In base 14, what is -94 + -5?
-99
In base 8, what is 2 - -120?
122
In base 10, what is -3 + -638?
-641
In base 8, what is 140 + 6?
146
In base 15, what is -56b + 4?
-567
In base 13, what is 2a84 - 4?
2a80
In base 9, what is 5 + -425?
-420
In base 7, what is -104 + 6?
-65
In base 11, what is -3 - -178?
175
In base 16, what is 28b - -5?
290
In base 9, what is -56 + -11?
-67
In base 3, what is 2001 - -121?
2122
In base 2, what is 100 + -10100101101?
-10100101001
In base 9, what is 14 + -14?
0
In base 12, what is 9150 + 4?
9154
In base 15, what is 7b5 + -2?
7b3
In base 13, what is -199 - 2?
-19b
In base 8, what is 301 - 6?
273
In base 9, what is 1 - -126?
127
In base 11, what is -98 + -9?
-a6
In base 7, what is 213 - -55?
301
In base 4, what is 330 + 13?
1003
In base 13, what is -47 + 9?
-3b
In base 7, what is -6 + -2660?
-2666
In base 15, what is 2c + 1d?
4a
In base 13, what is 4 + -6a?
-66
In base 7, what is 6 + -64?
-55
In base 11, what is -5 + -18a5?
-18aa
In base 10, what is -6 + -90?
-96
In base 16, what is -14 - -5?
-f
In base 10, what is -312 + -2?
-314
In base 16, what is 7 + 33?
3a
In base 3, what is -112 + 1121?
1002
In base 9, what is -1 - 136?
-137
In base 4, what is -10 - -12?
2
In base 11, what is -37 - 1?
-38
In base 13, what is -5 - 86?
-8b
In base 9, what is 5 - 1?
4
In base 15, what is -30c + d?
-2ee
In base 16, what is -10 + -5?
-15
In base 7, what is 1323 - -141?
1464
In base 5, what is -1042 - -14?
-1023
In base 15, what is -9 - 1d?
-27
In base 7, what is -3 + 12346?
12343
In base 7, what is -4 - -315?
311
In base 10, what is 11 - 641?
-630
In base 2, what is 10 + 11101000?
11101010
In base 5, what is 141011 + 2?
141013
In base 15, what is 4 - 37d?
-379
In base 6, what is 21522 + -3?
21515
In base 10, what is -65 - -10?
-55
In base 13, what is -5 - -141?
139
In base 12, what is 3 + 30?
33
In base 10, what is 5 + 45?
50
In base 5, what is 10 - -1201?
1211
In base 16, what is 2 - -112e?
1130
In base 11, what is -8 + -1?
-9
In base 13, what is -3 + -12?
-15
In base 3, what is 10022 + 102?
10201
In base 6, what is -1 - 522?
-523
In base 15, what is -72 + -5?
-77
In base 6, what is 5 - 1520?
-1511
In base 3, what is 211 + 11?
222
In base 6, what is 455 + -35?
420
In base 10, what is 72 + 4?
76
In base 14, what is 17 - 6?
11
In base 6, what is 0 - 5050?
-5050
In base 2, what is -1111100111011 - -1?
-1111100111010
In base 14, what is 49 - -6?
51
In base 3, what is -2102 - -11112?
2010
In base 2, what is -1011111010010 + 10?
-1011111010000
In base 3, what is 12 + 201202?
201221
In base 3, what is 22121 + 0?
22121
In base 10, what is 20 - 73?
-53
In base 7, what is -430 - -4?
-423
In base 14, what is b8 - 1b?
9b
In base 14, what is -5 - -a05?
a00
In base 12, what is -586 - 2?
-588
In base 2, what is -11000010 + -110?
-11001000
In base 8, what is 14 - 25?
-11
In base 12, what is 4183 + 5?
4188
In base 5, what is -3 + -3130?
-3133
In base 12, what is -3351 + 4?
-3349
In base 16, what is -1 + 58d?
58c
In base 16, what is 1 - 4bf?
-4be
In base 8, what is -7 - 77?
-106
In base 6, what is -10 + 5020?
5010
In base 14, what is -31 - 2?
-33
In base 9, what is 1221 - 3?
1217
In base 4, what is 13031222 - 1?
13031221
In base 10, what is -3 + 59?
56
In base 7, what is 32 + -311?
-246
In base 14, what is 61c + -7?
615
In base 11, what is -3a5 - -2?
-3a3
In base 2, what is 0 + -10100100100?
-10100100100
In base 8, what is 41 + -121?
-60
In base 4, what is -2 + 13032?
13030
In base 6, what is -2 - 45?
-51
In base 12, what is 11 - 491?
-480
In base 14, what is -b3 + -8?
-bb
In base 8, what is 2 + 32?
34
In base 5, what is -10 + -1023?
-1033
In base 6, what is -2 - 4214?
-4220
In base 6, what is 1 - 5?
-4
In base 14, what is -56 - -3?
-53
In base 12, what is 315 - 6?
30b
In base 12, what is 35b3 - -2?
35b5
In base 16, what is 10 - -1b4?
1c4
In base 3, what is 211 - 10101?
-2120
In base 7, what is 3 - 35612?
-35606
In base 7, what is -33535 + -1?
-33536
In base 9, what is 2 + 3555?
3557
In base 5, what is -2 + 4211?
4204
In base 11, what is -180 + -23?
-1a3
In base 6, what is 20414 - -2?
20420
In base 5, what is 413 + 1331?
2244
In base 11, what is -398 + 2?
-396
In base 11, what is 353a - 5?
3535
In base 7, what is 6 + -53?
-44
In base 15, what is 42 - 6?
3b
In base 10, what is -1 + -2?
-3
In base 6, what is -4 + -4?
-12
In base 9, what is 105 - 51?
44
In base 10, what is 4969 + -4?
4965
In base 12, what is -4 + 82?
7a
In base 2, what is 101101 + -10101?
11000
In base 2, what is 1110 - 10101110?
-10100000
In base 15, what is -187 - 0?
-187
In base 15, what is -3a - 52?
-8c
In base 4, what is -11 - 2013301?
-2013312
In base 8, what is -265 - 4?
-271
In base 15, what is d + 15?
23
In base 11, what is -2 + -379?
-380
In base 6, what is -4 - -15?
11
In base 9, what is -1 + 11?
10
In base 7, what is 5 - -113?
121
In base 2, what is 100 + 10111000000?
10111000100
In base 13, what is -13 - 17?
-2a
In base 14, what is 1 - a0?
-9d
In base 13, what is -3b + 0?
-3b
In base 5, what is -10032 + 1?
-10031
In base 6, what is -103 + -14?
-121
In base 7, what is 302 - -1?
303
In base 5, what is -4 - 2230?
-2234
In base 2, what is -10111100011 - 1100?
-10111101111
In base 15, what is -112 + 0?
-112
In base 12, what is 11 - 12b?
-11a
In base 5, what is -1 + -114213?
-114214
In base 15, what is 14 + 13?
27
In base 14, what is -6 + 22b?
225
In base 13, what is 2 + 822?
824
In base 3, what is -221211 - -11?
-221200
In base 2, what is 1010100001 + 0?
1010100001
In base 16, what is -1ba + -3?
-1bd
In base 10, what is -45 + 16?
-29
In base 9, what is 53 - -4?
57
In base 4, what is 1023102 + 10?
1023112
In base 5, what is 4 + 22?
31
In base 11, what is -1 - 102?
-103
In base 2, what is 101111 + 100?
110011
In base 7, what is -14 + -32?
-46
In base 11, what is -126 + 5?
-121
In base 2, what is -1111111010 - 1?
-1111111011
In base 6, what is 50 + -4?
42
In base 16, what is 4a - -4?
4e
In base 7, what is 4165 - -5?
4203
In base 13, what is 43 - 2?
41
In base 11, what is -4 + 126?
122
In base 3, what is 10 + -112?
-102
In base 4, what is -211 + 11?
-200
In base 7, what is 1436 - 0?
1436
In base 5, what is 22032 + -2?
22030
In base 7, what is 36 - -6?
45
In base 10, what is -59 + -34?
-93
In base 16, what is -13 + -27a?
-28d
In base 15, what is 97 - 3?
94
In base 12, what is -3a96 - 0?
-3a96
In base 13, what is 304a + 5?
3052
In base 7, what is 5 + 22?
30
In base 2, what is 1010000101 + -100?
1010000001
In base 3, what is 11200 - 1?
11122
In base 11, what is aa - 6?
a4
In base 7, what is 1213 + 0?
1213
In base 11, what is 1 + 102?
103
In base 8, what is 0 - 676?
-676
In base 3, what is 2 - 11200000?
-11122221
In base 8, what is 3 - 230?
-225
In base 15, what is -277 + -d?
-285
In base 8, what is 4 - 1454?
-1450
In base 13, what is -15 - -382?
36a
In base 2, what is -10000 + 10?
-1110
In base 7, what is -25 - -20?
-5
In base 4, what is -11 + 31021?
31010
In base 4, what is 2 - 120?
-112
In base 4, what is 3202011 + -2?
3202003
In base 10, what is -108 + -2?
-110
In base 9, what is 27 + 20?
47
In base 7, what is 1640 - 0?
1640
In base 4, what is 20 - 20220?
-20200
In base 15, what is 12e + -2?
12c
In base 3, what is -111001 + 12?
-110212
In base 11, what is -242 + -4?
-246
In base 11, what is 4 + 1464?
1468
In base 2, what is 1100010 - -1?
1100011
In base 11, what is 13 + -10?
3
In base 9, what is 503 - -2?
505
In base 15, what is -4588 - -4?
-4584
In base 16, what is -40b - 1?
-40c
In base 3, what is 20 + -11112?
-11022
In base 7, what is 4 + -43?
-36
In base 9, what is 7148 + 4?
7153
In base 2, what is 1010011110 + -100?
1010011010
In base 5, what is 10 - -111023?
111033
In base 15, what is 74c - -5?
752
In base 16, what is -196 + -5?
-19b
In base 13, what is -2 + -11?
-13
In base 6, what is 430 - 23?
403
In base 5, what is 1 - -40?
41
In base 4, what is -11 + 30230?
30213
In base 13, what is 1